{"id":4000,"date":"2021-09-11T17:33:53","date_gmt":"2021-09-11T15:33:53","guid":{"rendered":"http:\/\/sophrologuecergy.com\/?page_id=4000"},"modified":"2021-09-14T23:00:31","modified_gmt":"2021-09-14T21:00:31","slug":"seances-daccompagnement-individuel","status":"publish","type":"page","link":"https:\/\/sophrologuecergy.com\/index.php\/seances-daccompagnement-individuel\/","title":{"rendered":"S\u00e9ances d\u2019accompagnement individuel"},"content":{"rendered":"<p>[vc_row][vc_column width=&#8221;1\/4&#8243;][\/vc_column][vc_column width=&#8221;1\/2&#8243;][vc_column_text css=&#8221;.vc_custom_1631652952503{padding-bottom: 2em !important;}&#8221;]Un salari\u00e9 isol\u00e9, un cadre qui perd pied\u2026 le confinement peut r\u00e9v\u00e9ler un mal-\u00eatre personnel mais aussi professionnel. A l\u2019\u00e9coute de vos \u00e9quipes, m\u00eame \u00e9loign\u00e9es de l\u2019entreprise, n\u2019h\u00e9sitez pas \u00e0 proposer un soutien \u00e0 ceux qui en ont le plus besoin.<\/p>\n<p><a href=\"https:\/\/fr.linkedin.com\/in\/marjorie-galliez-8546bb68\" target=\"_blank\" rel=\"noopener\">Investissez pour le bien-\u00eatre de vos salari\u00e9s<\/a> avec des s\u00e9ances d\u2019accompagnement individuel. En face \u00e0 face par t\u00e9l\u00e9phone ou visioconf\u00e9rence, j\u2019\u00e9coute et \u00e9change avec le salari\u00e9 en toute discr\u00e9tion. Il peut ainsi prendre du recul, r\u00e9fl\u00e9chir pour essayer de vivre mieux certaines situations.<\/p>\n<p>Je mets en parall\u00e8le deux m\u00e9thodes de travail d\u2019exp\u00e9rimentation et d\u2019expression qui sont <a href=\"https:\/\/sophrologuecergy.com\/index.php\/quest-ce-que-la-sophrologie\/\">la sophrologie<\/a> et <a href=\"https:\/\/sophrologuecergy.com\/index.php\/quest-ce-que-la-pnl\/\">la PNL<\/a>. Ces deux approches permettent \u00e0 votre salari\u00e9 de prendre conscience de son propre fonctionnement, sans jugement et avec bienveillance, afin d\u2019aller chercher ses propres ressources.<\/p>\n<p>Pour lui redonner confiance sur ses aptitudes et capacit\u00e9s personnelles\u00a0:<br \/>\n\u2022 D\u00e9passer un blocage<br \/>\n\u2022 D\u00e9velopper son efficacit\u00e9, sa motivation et sa performance<br \/>\n\u2022 Trouver \/ Retrouver\/ Pr\u00e9server un <strong>\u00e9quilibre vie professionnelle et vie priv\u00e9e<\/strong><br \/>\n\u2022 Savoir prendre de la hauteur face \u00e0 une situation<br \/>\n\u2022 Retrouver de la confiance en soi et envers les autres<br \/>\n\u2022 Am\u00e9liorer sa relation \u00e0 l\u2019autre<br \/>\n\u2022 Accro\u00eetre le <strong>l\u00e2cher-prise<\/strong><br \/>\n\u2022 Mieux <strong>g\u00e9rer ses \u00e9motions<\/strong> face aux \u00e9v\u00e9nements de la vie<br \/>\n\u2022 G\u00e9rer l\u2019impact de difficult\u00e9s personnelles sur l\u2019activit\u00e9 professionnelle<br \/>\n\u2022 Faire face \u00e0 un changement de vie professionnelle[\/vc_column_text][vc_single_image image=&#8221;4003&#8243; img_size=&#8221;full&#8221; alignment=&#8221;center&#8221; onclick=&#8221;link_image&#8221; css=&#8221;.vc_custom_1631653132419{padding-bottom: 2em !important;}&#8221;][vc_empty_space][vc_column_text css=&#8221;.vc_custom_1631652943437{padding-bottom: 2em !important;}&#8221;]<span style=\"color: #01aebe; font-size: 20px;\"><strong>\u2217Tarif sur devis pour des s\u00e9ances d&#8217;accompagnement individuel \/ me contacter : <\/strong><\/span><a href=\"mailto:mgalliez72@gmail.com\"><span style=\"color: #01aebe;\"><strong>mgalliez72@gmail.com<\/strong><\/span><\/a>[\/vc_column_text][\/vc_column][vc_column width=&#8221;1\/4&#8243;][\/vc_column][\/vc_row]<\/p>\n","protected":false},"excerpt":{"rendered":"<p>[vc_row][vc_column width=&#8221;1\/4&#8243;][\/vc_column][vc_column width=&#8221;1\/2&#8243;][vc_column_text css=&#8221;.vc_custom_1631652952503{padding-bottom: 2em !important;}&#8221;]Un salari\u00e9 isol\u00e9, un cadre qui perd pied\u2026 le confinement peut r\u00e9v\u00e9ler un mal-\u00eatre personnel mais aussi professionnel. A l\u2019\u00e9coute de vos \u00e9quipes, m\u00eame \u00e9loign\u00e9es de l\u2019entreprise,&#8230;<\/p>\n","protected":false},"author":1,"featured_media":0,"parent":0,"menu_order":0,"comment_status":"closed","ping_status":"closed","template":"","meta":[],"yoast_head":"<!-- This site is optimized with the Yoast SEO plugin v17.1 - https:\/\/yoast.com\/wordpress\/plugins\/seo\/ -->\n<title>S\u00e9ances d\u2019accompagnement individuel - Marjorie Galliez, Sophrologue \u00e0 Cergy<\/title>\n<meta name=\"description\" content=\"Investissez pour le bien-\u00eatre de vos salari\u00e9s avec des s\u00e9ances d\u2019accompagnement individuel. J\u2019\u00e9coute et \u00e9change avec le salari\u00e9 en toute discr\u00e9tion.\" \/>\n<meta name=\"robots\" content=\"index, follow, max-snippet:-1, max-image-preview:large, max-video-preview:-1\" \/>\n<link rel=\"canonical\" href=\"https:\/\/sophrologuecergy.com\/index.php\/seances-daccompagnement-individuel\/\" \/>\n<meta property=\"og:locale\" content=\"fr_FR\" \/>\n<meta property=\"og:type\" content=\"article\" \/>\n<meta property=\"og:title\" content=\"S\u00e9ances d\u2019accompagnement individuel - Marjorie Galliez, Sophrologue \u00e0 Cergy\" \/>\n<meta property=\"og:description\" content=\"Investissez pour le bien-\u00eatre de vos salari\u00e9s avec des s\u00e9ances d\u2019accompagnement individuel. J\u2019\u00e9coute et \u00e9change avec le salari\u00e9 en toute discr\u00e9tion.\" \/>\n<meta property=\"og:url\" content=\"https:\/\/sophrologuecergy.com\/index.php\/seances-daccompagnement-individuel\/\" \/>\n<meta property=\"og:site_name\" content=\"Marjorie Galliez, Sophrologue \u00e0 Cergy\" \/>\n<meta property=\"article:modified_time\" content=\"2021-09-14T21:00:31+00:00\" \/>\n<meta name=\"twitter:card\" content=\"summary_large_image\" \/>\n<meta name=\"twitter:label1\" content=\"Dur\u00e9e de lecture est.\" \/>\n\t<meta name=\"twitter:data1\" content=\"2 minutes\" \/>\n<script type=\"application\/ld+json\" class=\"yoast-schema-graph\">{\"@context\":\"https:\/\/schema.org\",\"@graph\":[{\"@type\":\"Organization\",\"@id\":\"https:\/\/sophrologuecergy.com\/#organization\",\"name\":\"Marjorie Galliez\",\"url\":\"https:\/\/sophrologuecergy.com\/\",\"sameAs\":[\"https:\/\/fr.linkedin.com\/in\/marjorie-galliez-8546bb68\"],\"logo\":{\"@type\":\"ImageObject\",\"@id\":\"https:\/\/sophrologuecergy.com\/#logo\",\"inLanguage\":\"fr-FR\",\"url\":\"https:\/\/sophrologuecergy.com\/wp-content\/uploads\/2021\/09\/marjorie-galliez.jpg\",\"contentUrl\":\"https:\/\/sophrologuecergy.com\/wp-content\/uploads\/2021\/09\/marjorie-galliez.jpg\",\"width\":458,\"height\":263,\"caption\":\"Marjorie Galliez\"},\"image\":{\"@id\":\"https:\/\/sophrologuecergy.com\/#logo\"}},{\"@type\":\"WebSite\",\"@id\":\"https:\/\/sophrologuecergy.com\/#website\",\"url\":\"https:\/\/sophrologuecergy.com\/\",\"name\":\"Marjorie Galliez, Sophrologue \\u00e0 Cergy-Pontoise\",\"description\":\"Un instant pour soi, pour un mieux \\u00eatre au quotidien\",\"publisher\":{\"@id\":\"https:\/\/sophrologuecergy.com\/#organization\"},\"potentialAction\":[{\"@type\":\"SearchAction\",\"target\":{\"@type\":\"EntryPoint\",\"urlTemplate\":\"https:\/\/sophrologuecergy.com\/?s={search_term_string}\"},\"query-input\":\"required name=search_term_string\"}],\"inLanguage\":\"fr-FR\"},{\"@type\":\"WebPage\",\"@id\":\"https:\/\/sophrologuecergy.com\/index.php\/seances-daccompagnement-individuel\/#webpage\",\"url\":\"https:\/\/sophrologuecergy.com\/index.php\/seances-daccompagnement-individuel\/\",\"name\":\"S\\u00e9ances d\\u2019accompagnement individuel - Marjorie Galliez, Sophrologue \\u00e0 Cergy\",\"isPartOf\":{\"@id\":\"https:\/\/sophrologuecergy.com\/#website\"},\"datePublished\":\"2021-09-11T15:33:53+00:00\",\"dateModified\":\"2021-09-14T21:00:31+00:00\",\"description\":\"Investissez pour le bien-\\u00eatre de vos salari\\u00e9s avec des s\\u00e9ances d\\u2019accompagnement individuel. J\\u2019\\u00e9coute et \\u00e9change avec le salari\\u00e9 en toute discr\\u00e9tion.\",\"breadcrumb\":{\"@id\":\"https:\/\/sophrologuecergy.com\/index.php\/seances-daccompagnement-individuel\/#breadcrumb\"},\"inLanguage\":\"fr-FR\",\"potentialAction\":[{\"@type\":\"ReadAction\",\"target\":[\"https:\/\/sophrologuecergy.com\/index.php\/seances-daccompagnement-individuel\/\"]}]},{\"@type\":\"BreadcrumbList\",\"@id\":\"https:\/\/sophrologuecergy.com\/index.php\/seances-daccompagnement-individuel\/#breadcrumb\",\"itemListElement\":[{\"@type\":\"ListItem\",\"position\":1,\"name\":\"Accueil\",\"item\":\"https:\/\/sophrologuecergy.com\/\"},{\"@type\":\"ListItem\",\"position\":2,\"name\":\"S\\u00e9ances d\\u2019accompagnement individuel\"}]}]}<\/script>\n<!-- \/ Yoast SEO plugin. -->","yoast_head_json":{"title":"S\u00e9ances d\u2019accompagnement individuel - Marjorie Galliez, Sophrologue \u00e0 Cergy","description":"Investissez pour le bien-\u00eatre de vos salari\u00e9s avec des s\u00e9ances d\u2019accompagnement individuel. J\u2019\u00e9coute et \u00e9change avec le salari\u00e9 en toute discr\u00e9tion.","robots":{"index":"index","follow":"follow","max-snippet":"max-snippet:-1","max-image-preview":"max-image-preview:large","max-video-preview":"max-video-preview:-1"},"canonical":"https:\/\/sophrologuecergy.com\/index.php\/seances-daccompagnement-individuel\/","og_locale":"fr_FR","og_type":"article","og_title":"S\u00e9ances d\u2019accompagnement individuel - Marjorie Galliez, Sophrologue \u00e0 Cergy","og_description":"Investissez pour le bien-\u00eatre de vos salari\u00e9s avec des s\u00e9ances d\u2019accompagnement individuel. J\u2019\u00e9coute et \u00e9change avec le salari\u00e9 en toute discr\u00e9tion.","og_url":"https:\/\/sophrologuecergy.com\/index.php\/seances-daccompagnement-individuel\/","og_site_name":"Marjorie Galliez, Sophrologue \u00e0 Cergy","article_modified_time":"2021-09-14T21:00:31+00:00","twitter_card":"summary_large_image","twitter_misc":{"Dur\u00e9e de lecture est.":"2 minutes"},"schema":{"@context":"https:\/\/schema.org","@graph":[{"@type":"Organization","@id":"https:\/\/sophrologuecergy.com\/#organization","name":"Marjorie Galliez","url":"https:\/\/sophrologuecergy.com\/","sameAs":["https:\/\/fr.linkedin.com\/in\/marjorie-galliez-8546bb68"],"logo":{"@type":"ImageObject","@id":"https:\/\/sophrologuecergy.com\/#logo","inLanguage":"fr-FR","url":"https:\/\/sophrologuecergy.com\/wp-content\/uploads\/2021\/09\/marjorie-galliez.jpg","contentUrl":"https:\/\/sophrologuecergy.com\/wp-content\/uploads\/2021\/09\/marjorie-galliez.jpg","width":458,"height":263,"caption":"Marjorie Galliez"},"image":{"@id":"https:\/\/sophrologuecergy.com\/#logo"}},{"@type":"WebSite","@id":"https:\/\/sophrologuecergy.com\/#website","url":"https:\/\/sophrologuecergy.com\/","name":"Marjorie Galliez, Sophrologue \u00e0 Cergy-Pontoise","description":"Un instant pour soi, pour un mieux \u00eatre au quotidien","publisher":{"@id":"https:\/\/sophrologuecergy.com\/#organization"},"potentialAction":[{"@type":"SearchAction","target":{"@type":"EntryPoint","urlTemplate":"https:\/\/sophrologuecergy.com\/?s={search_term_string}"},"query-input":"required name=search_term_string"}],"inLanguage":"fr-FR"},{"@type":"WebPage","@id":"https:\/\/sophrologuecergy.com\/index.php\/seances-daccompagnement-individuel\/#webpage","url":"https:\/\/sophrologuecergy.com\/index.php\/seances-daccompagnement-individuel\/","name":"S\u00e9ances d\u2019accompagnement individuel - Marjorie Galliez, Sophrologue \u00e0 Cergy","isPartOf":{"@id":"https:\/\/sophrologuecergy.com\/#website"},"datePublished":"2021-09-11T15:33:53+00:00","dateModified":"2021-09-14T21:00:31+00:00","description":"Investissez pour le bien-\u00eatre de vos salari\u00e9s avec des s\u00e9ances d\u2019accompagnement individuel. J\u2019\u00e9coute et \u00e9change avec le salari\u00e9 en toute discr\u00e9tion.","breadcrumb":{"@id":"https:\/\/sophrologuecergy.com\/index.php\/seances-daccompagnement-individuel\/#breadcrumb"},"inLanguage":"fr-FR","potentialAction":[{"@type":"ReadAction","target":["https:\/\/sophrologuecergy.com\/index.php\/seances-daccompagnement-individuel\/"]}]},{"@type":"BreadcrumbList","@id":"https:\/\/sophrologuecergy.com\/index.php\/seances-daccompagnement-individuel\/#breadcrumb","itemListElement":[{"@type":"ListItem","position":1,"name":"Accueil","item":"https:\/\/sophrologuecergy.com\/"},{"@type":"ListItem","position":2,"name":"S\u00e9ances d\u2019accompagnement individuel"}]}]}},"_links":{"self":[{"href":"https:\/\/sophrologuecergy.com\/index.php\/wp-json\/wp\/v2\/pages\/4000"}],"collection":[{"href":"https:\/\/sophrologuecergy.com\/index.php\/wp-json\/wp\/v2\/pages"}],"about":[{"href":"https:\/\/sophrologuecergy.com\/index.php\/wp-json\/wp\/v2\/types\/page"}],"author":[{"embeddable":true,"href":"https:\/\/sophrologuecergy.com\/index.php\/wp-json\/wp\/v2\/users\/1"}],"replies":[{"embeddable":true,"href":"https:\/\/sophrologuecergy.com\/index.php\/wp-json\/wp\/v2\/comments?post=4000"}],"version-history":[{"count":18,"href":"https:\/\/sophrologuecergy.com\/index.php\/wp-json\/wp\/v2\/pages\/4000\/revisions"}],"predecessor-version":[{"id":4227,"href":"https:\/\/sophrologuecergy.com\/index.php\/wp-json\/wp\/v2\/pages\/4000\/revisions\/4227"}],"wp:attachment":[{"href":"https:\/\/sophrologuecergy.com\/index.php\/wp-json\/wp\/v2\/media?parent=4000"}],"curies":[{"name":"wp","href":"https:\/\/api.w.org\/{rel}","templated":true}]}}